{"id":50,"date":"2020-12-05T17:02:33","date_gmt":"2020-12-05T17:02:33","guid":{"rendered":"http:\/\/advanti.com.mx\/?page_id=50"},"modified":"2020-12-07T20:10:40","modified_gmt":"2020-12-07T20:10:40","slug":"infraestructura-de-ti","status":"publish","type":"page","link":"https:\/\/advanti.com.mx\/","title":{"rendered":"AdvanTI"},"content":{"rendered":"\n<p class=\"has-text-align-left\"><strong>Somos especialistas en el aprovisionamiento e implementaci\u00f3n de componentes de hardware e infraestructura de TI de nueva generaci\u00f3n, mediante alianzas con los l\u00edderes del mercado en equipo de c\u00f3mputo.<\/strong><\/p>\n\n\n\n<p class=\"has-text-align-left\"><strong>Brindamos la asesor\u00eda m\u00e1s completa que permite una toma de decisiones \u00f3ptima, generando diferentes escenarios para una mejor visi\u00f3n en la adquisici\u00f3n de componentes.<\/strong><\/p>\n","protected":false},"excerpt":{"rendered":"<p>Somos especialistas en el aprovisionamiento e implementaci\u00f3n de componentes de hardware e infraestructura de TI de nueva generaci\u00f3n, mediante alianzas &hellip; <\/p>\n","protected":false},"author":1,"featured_media":0,"parent":0,"menu_order":0,"comment_status":"closed","ping_status":"closed","template":"","meta":{"footnotes":""},"_links":{"self":[{"href":"https:\/\/advanti.com.mx\/index.php\/wp-json\/wp\/v2\/pages\/50"}],"collection":[{"href":"https:\/\/advanti.com.mx\/index.php\/wp-json\/wp\/v2\/pages"}],"about":[{"href":"https:\/\/advanti.com.mx\/index.php\/wp-json\/wp\/v2\/types\/page"}],"author":[{"embeddable":true,"href":"https:\/\/advanti.com.mx\/index.php\/wp-json\/wp\/v2\/users\/1"}],"replies":[{"embeddable":true,"href":"https:\/\/advanti.com.mx\/index.php\/wp-json\/wp\/v2\/comments?post=50"}],"version-history":[{"count":4,"href":"https:\/\/advanti.com.mx\/index.php\/wp-json\/wp\/v2\/pages\/50\/revisions"}],"predecessor-version":[{"id":93,"href":"https:\/\/advanti.com.mx\/index.php\/wp-json\/wp\/v2\/pages\/50\/revisions\/93"}],"wp:attachment":[{"href":"https:\/\/advanti.com.mx\/index.php\/wp-json\/wp\/v2\/media?parent=50"}],"curies":[{"name":"wp","href":"https:\/\/api.w.org\/{rel}","templated":true}]}}